17*g + 5. Suppose -5233*f = -5248*f - 60. Calculate y(f).
-63
Let y(o) be the third derivative of 3*o**4/4 - 103*o**3/2 - 2395*o**2 - 1. Calculate y(17).
-3
Suppose 0 = 6*j - j - 80. Suppose 274*z = 276*z - j. Let p(c) = c**3 - 9*c**2 + 3*c + 5. Calculate p(z).
-35
Let l be (-2 - -3) + 8 - 12. Let b(g) = -g**3 - g**2 + 2*g - 7. Determine b(l).
5
Let k(n) = -n**2 + n + 19. Let f be k(0). Let m(h) = -f*h - 10 + 67*h - 27*h - 22*h. Determine m(-8).
-2
Let x be 2350/235*(0 - 2/(-5)). Let m(w) = -2*w**3 + 10*w**2 - 6*w + 4. Determine m(x).
12
Let p = 178 - 248. Let a be (p/15)/((-6)/(-9)). Let x(c) = -c**3 - 6*c**2 + 9*c + 7. Determine x(a).
-7
Let j(r) = 3*r**2 + 5*r + 2. Let o be j(-3). Suppose 6*q - o = -2. Let p(f) = -4 - f**2 - 6*f**2 + f**2 + 7*f**q + 5*f. What is p(-4)?
-8
Let i(p) = -5*p + 2. Let n(q) = -10*q + 3. Let u = 237 + -233. Let b(k) = u*n(k) - 7*i(k). Suppose -16 = -0*s - 2*s - 4*d, 5*d = 4*s + 33. What is b(s)?
8
Suppose -4*b + 9*b - 5 = 0. Let v be (4/b - 1)*(0 + -2). Let d(m) = 8 - 6*m + 0*m**2 + m - m**2. Determine d(v).
2
Let h(m) = -m**2 + 5*m - 3. Let c = -44 + 42. Let y be (3/(-1))/(1 + c - -2). Let w be (-12)/(-6) + (-2 - y). Calculate h(w).
3
Let n(o) = -o**2 - 8*o. Let u(t) = t**3 + 4*t**2 + 49*t - 30. Let w(c) = 6*n(c) + u(c). Give w(0).
-30
Let y(t) be the third derivative of 29*t**5/60 - t**4/4 - 5*t**3/3 + 2*t**2 + 646. What is y(-2)?
118
Let l(b) = b**3 + 5*b**2 - 7*b. Let j = 52 - 37. Let n(k) = -k**2 + 14*k + 18. Let x be n(j). Suppose 2*d + 0*i = 3*i - 3, 3*i = -x*d - 27. Give l(d).
6
Let m(n) = -4*n - 56. Suppose 0 = 87*r + 177*r. Calculate m(r).
-56
Let g(q) be the first derivative of q**3/3 + 25*q**2/2 + 90*q + 6570. Determine g(-21).
6
Let w(i) = -3 - 3 + 0 + 4*i - 7 - 11. Calculate w(-23).
-116
Let n(h) = -h**3 + 2*h**2 + 4*h + 4. Let v be (171/(-54))/(-1) - (-15)/18. Give n(v).
-12
Let u(o) = -7 + 49*o + o**2 - 30*o - 13*o - 3*o**2 + 3*o**2. Let w = -25 - -27. Suppose -w*n + 20 = -6*n. Calculate u(n).
-12
Let w(g) = 11*g**2 - 13*g + 23. Let h(k) = 31*k**2 - 38*k + 67. Suppose -36 = -5*v + 2*c, -3*c - 17 = -5*v + 22. Let x(b) = v*h(b) - 17*w(b). What is x(-8)?
3
Let m be 10*(-15)/24 - 1*(-3)/(-4). Let s(o) = -o**3 - 10*o**2 - 15*o + 4. What is s(m)?
-38
Let y(k) = -14*k + 110. Let n be y(8). Let t(g) = -21*g**2 + 11*g - 7. Let u(x) = -11*x**2 + 6*x - 4. Let p(l) = -4*t(l) + 7*u(l). Give p(n).
32
Let y(g) = -2*g - 2. Let h(q) be the second derivative of -q**5/20 - 23*q**4/12 - 7*q**3 + 5*q**2/2 - 4*q + 25. Let a be h(-21). What is y(a)?
-12
Let n = -1 + 7. Let o(d) be the second derivative of -281*d + d**3 - 1/12*d**4 + 3*d**2 + 0. What is o(n)?
6
Let i(r) = -r**3 - 33*r**2 - 3*r - 89. Let b be i(-33). Let t be (b - 6) + -8 + 3. Let u(m) = 9*m**3 + m. Give u(t).
-10
Let j be (8/(-24)*4)/(1/6). Let f(v) = 0 + 0 - v - 17. Let q be f(j). Let a(z) = -z**2 - 7*z + 13. What is a(q)?
-5
Let y(o) = -7795*o + 7795*o + 3 - o**2. Let j = -6 + 9. Suppose 26 = -2*a + 4*t, a + 6*t - 12 = j*t. What is y(a)?
-6
Let d(g) = 16*g + 19. Let r(i) = i**2 - 33*i + 250. Let t be r(12). Calculate d(t).
-13
Let p(z) = 3*z + 1. Let o(g) = -11*g - 2. Let u(i) = 11*i + 2. Let a(n) = -5*o(n) - 6*u(n). Let t(j) = a(j) + 4*p(j). Determine t(5).
7
Let i(s) = s**3 - s**2 - s + 1. Let n(v) be the first derivative of -v**4/4 + v**3/3 - 3*v**2/2 + 12. Let l(g) = 2*i(g) + n(g). What is l(3)?
5
Let k(c) = 2*c - 31. Let i(a) = -13*a - 18*a**2 - 12*a**2 - 2 + 28*a**2. Let g be i(-5). Let v be k(g). Let w(r) = 2*r**2 + 6*r - 7. Calculate w(v).
13
Let f(o) = -7*o + 10. Let b = 33 - 44. Let z(x) = 47 - 8*x - 42 + 4*x. Let p(g) = b*z(g) + 6*f(g). Determine p(5).
15
Let v(a) be the second derivative of -a**5/24 + a**4/12 + 2*a**3/3 + a + 14. Let w(o) be the second derivative of v(o). Give w(-1).
7
Suppose 0 = 340*a + 139*a - 455 - 982. Let f(x) = -x + 4. Give f(a).
1
Suppose -2*b + d + 12 = 0, 2*b = 5*d + 4 - 0. Let i(k) be the second derivative of -3*k - 1/6*k**3 - 7/12*k**4 + 1/20*k**5 + 0 - 9/2*k**2. Determine i(b).
-16
Let r(g) = -g**3 - 21*g**2 - 19*g + 13. Suppose 4*y - 16 = 0, 0 = 15*k - 11*k - 3*y + 4. Let q be ((-496)/28 - k) + (-24)/84. Determine r(q).
-7
Let z(g) be the third derivative of -g**5/40 - 3*g**4/8 - 8*g**3 + 20*g**2. Let q(r) be the first derivative of z(r). Give q(-7).
12
Let f(k) = 12*k - 4. Let c(r) = -r**3 + 10*r**2 - 18*r + 21. Let a be c(8). Let j(l) = -5*l + 2. Let s(n) = a*j(n) + 2*f(n). Determine s(0).
2
Suppose 70 = 5*h + 19*f - 14*f, 5*f + 30 = 5*h. Let l(d) = -h*d + 43*d - 30*d + 6. Give l(-8).
-18
Suppose 4*p - 5*d + 585 = 0, -23*d = -p - 28*d - 140. Let s = -141 - p. Let h(g) be the third derivative of g**5/60 - g**4/8 - 2*g**3/3 + g**2. Determine h(s).
0
Let d = -4 - -7. Let y(o) = o**2 + 2*o - 8. Let p(t) be the second derivative of -t**4/12 - t**3/6 + 3*t**2 - 3*t - 13. Let q(n) = -6*p(n) - 5*y(n). Give q(d).
1
Let u(v) = v - 1. Suppose -9*p = -4*p - 300. Let a = -58 + p. Suppose a*l - 14 = -5*d, 2*d - 1 = l + 1. Determine u(l).
1
Let q = 77 + -17. Suppose -4*i - 6*i = -q. Let a be 210/45 - (-2)/i. Let l(c) = 2*c - 3. Give l(a).
7
Let y(l) = -2*l**2 + 3*l. Let h(s) = -2*s**3 + 24*s**2 + 15*s + 139. Let d be h(13). Give y(d).
-44
Let z(u) be the second derivative of 19/12*u**4 - 16 + 2*u + 0*u**2 + 1/6*u**3. What is z(-1)?
18
Let o(p) = p - 25. Suppose -12*s - 236 = -164. Determine o(s).
-31
Let o(t) = t**3 + 37*t**2 - 40*t - 81. Let m(p) = 115*p + 192. Let l be m(-2). Give o(l).
-5
Let h(j) = 2*j - 980 + 980 - 6*j**2 + 4*j**2 - j**3. Let u(f) be the third derivative of f**5/60 - f**4/6 + f**3/6 - 2*f**2. Let r be u(2). What is h(r)?
3
Suppose -23*s + 3229 = -1532. Let m = s - 208. Let l(n) = 18*n. What is l(m)?
-18
Let t(k) be the second derivative of k**4/6 + 17*k**3/6 - 269*k. Calculate t(-8).
-8
Let n(w) = 3*w + 19. Let s be n(-2). Let k(h) = h**2 + 11*h**3 + s*h**3 - 23*h**3 + 6*h + 6 + 5*h**2. Calculate k(-5).
1
Suppose 35*n + 621 = 12*n. Let v(i) = -2*i**3 - 54*i**2 + 7. Give v(n).
7
Let u(v) = 8*v + 8. Let p(w) = -w**3 + 9*w + 15. Let n be p(-2). Let c(z) = 7*z + 7. Let f(b) = n*c(b) - 4*u(b). Give f(9).
30
Suppose 2*u + o - 2 = 0, 0*o - 2 = -2*u - 5*o. Let z(a) = -13*a**3 + 1 - 4*a - 2*a + 4*a + 20*a**3 + 2*a**2. Determine z(u).
8
Let i(b) = -59*b + 25*b + 29*b. Suppose -6*p + 8 = -10*p. Let l be 84/22 + p/(-11). What is i(l)?
-20
Let p(f) be the third derivative of f**6/120 + 13*f**5/30 + 29*f**4/8 - 11*f**3/3 + 497*f**2 - f. Calculate p(-22).
0
Suppose -2 - 1 = -x. Suppose 0 = -y + 5, 12*y - 14*y = 2*u - 8. Let c(s) = -s**2 - 7*s + 13. Let n(t) = 1. Let b(i) = u*c(i) + x*n(i). Determine b(-8).
-2
Let b(o) = 9 + 14*o - 2*o + 4 - 10. Let a(u) = u + 4. Let l be a(-4). Suppose n + 4*n + 10 = l. What is b(n)?
-21
Let i(u) = -u**2 + 146*u + 1243. Let q be i(-8). Let n(w) = -w**2 + 12*w - 10. Calculate n(q).
1
Let q(h) be the first derivative of 13*h**2/2 - 58*h - 964. Calculate q(5).
7
Let i = 11943 - 11951. Let s(l) = -l - 5 - 2 + 2. Give s(i).
3
Let p(l) = -10*l**3 + l**2 - 11*l - 3. Let m(c) = -8*c**3 + c**2 - 10*c - 3. Let h be (-154)/11 + (-2 - -10). Let x(i) = h*m(i) + 5*p(i). What is x(-3)?
33
Suppose -4*v = -11 + 27. Suppose 3*l = -s - s + 463, 5*l + 5*s - 775 = 0. Let a(t) = -50*t**2 + l*t**2 - 51*t**2 - 53*t**2 - 5*t + 1. Give a(v).
5
Let l(s) = -2*s - 56*s**2 - 62*s**2 + 2 + 113*s**2 - 2*s - s**3 + 0. Determine l(-3).
-4
Let q(m) be the second derivative of 0 + 84*m - 1/20*m**5 + 1/3*m**4 + 0*m**3 + 3/2*m**2. Calculate q(4).
3
Suppose -2*c - 4*p - 120 = 0, -p = 5*c + 59 + 223. Let l = 440 + -425. Let t be (c/(-60))/7 + (-2)/l. Let m(h) = -h**3 + h**2 + 11. Determine m(t).
11
Let w(a) = 3036 - 6030 + 6*a + 3046. Calculate w(-7).
10
Let p(s) = -10*s + 5 + 7*s + 7*s + 1 + 0. Suppose 4*h - 35 - 25 = 0. Suppose 3*c + 0 = -h. Determine p(c).
-14
Let j(y) = 18*y - 11. Let n(o) = -12*o + 8. Let p(b) = -5*j(b) - 7*n(b). Let f(g) = -g - 3. Let i be f(-7). Calculate p(i).
-25
Let w(q) = 11*q + 4*q + 12*q + 4 + 0 - 26*q. Suppose 4*x = 6*x - 18. Give w(x).
13
Suppose 13 = 11*i - 9. Let n(s) = -s**3 - s**2 + 2*s + 3. Let j be n(i). Let w(b) = b**2 + 3*b - 10. Give w(j).
0
Let m(v) = -v**3 + 4. Let o(s) = s**2 - 1. Let f = -28 + 18. Let a be 1 + f/15*3. Let q(t) = a*m(t) - 5*o(t). Give q(4).
-15
Let f(z) be t